 281, -3*i + 5*c + 389 = 0. Calculate the remainder when i is divided by 35.
33
Let q(w) = -10*w - 8. Calculate the remainder when q(-5) is divided by (1/(-2))/(2/(-44)).
9
Suppose 5*b = 2*t + 4*b - 58, 2*t = 3*b + 66. Calculate the remainder when 105 is divided by t.
24
Suppose 5*w - 5*o + 5 = 0, 14 = w + 2*o + 2*o. Suppose w*s - 112 = -3*a, -3*a - s = 2*a - 175. Let k = -12 - -24. What is the remainder when a is divided by k?
10
Let v = 28 - 7. Calculate the remainder when 81 is divided by v.
18
Let q = 14 + -1. Calculate the remainder when 37 is divided by q.
11
Let a be 0/(4 + (-2)/1). Suppose 5*r - d + 4*d - 22 = 0, 4*r = 5*d + 25. Suppose -r*j + 74 - 9 = a. What is the remainder when 38 is divided by j?
12
Let a(r) = -r + 13. Calculate the remainder when 6 is divided by a(11).
0
Suppose 0*m = 2*m - 34. What is the remainder when m is divided by 9?
8
What is the remainder when 39 is divided by 8*(-3)/(4 + -7)?
7
Let d(y) = -y**3 + 9*y**2 - 4*y. Let n be d(8). Let j = 67 - n. Suppose 0 = -5*g + 32 + 28. Calculate the remainder when j is divided by g.
11
Let d(t) = -t. Let s be d(-3). Suppose -s*x - 4 = -13. Suppose 0 = -l - x*h + 5, 4*l - h + 23 = 7*l. Calculate the remainder when 14 is divided by l.
6
What is the remainder when (-168)/(-10)*20/6 is divided by 22?
12
Let v(j) = -j**2 + 5*j - 4. Let q be v(3). Let x be 2/(-4) + 34/(-4). What is the remainder when (-3)/q*246/x is divided by 11?
8
Let t(x) = -1 - 2 - 2 - 2*x. Let r(w) = 2*w - 14. What is the remainder when t(-4) is divided by r(8)?
1
Let y = 143 + -81. Let z(v) = 6*v - 3. What is the remainder when y is divided by z(4)?
20
Let a(s) = 5*s + 7. Let o = 0 - -6. Let i = 7 - -6. What is the remainder when a(o) is divided by i?
11
Let j be 0/(-6) - -1*14. Suppose 0 = -3*t - j + 35. Let l(g) = 2*g**2 + 4*g - 3. Calculate the remainder when l(2) is divided by t.
6
Let z(t) = t**3 - 9*t**2 + 10*t + 2. Let b be z(8). Suppose -4*p + b = -34. Calculate the remainder when 38 is divided by p.
12
Let n = -102 + 149. Calculate the remainder when n is divided by 8.
7
Let r = 191 - 171. Calculate the remainder when 77 is divided by r.
17
Let q(b) = b + 1. Suppose 2*w = w + 2. Calculate the remainder when q(6) is divided by w.
1
Suppose 4*p = p. Suppose p = -3*o - 0*o + 9. Suppose 0*v - o*v = -j + 2, -5*v + 3*j = 10. What is the remainder when 1 is divided by v?
0
Let d(f) be the second derivative of f**4/12 - f**3/2 - 7*f**2/2 - 2*f. What is the remainder when d(9) is divided by 12?
11
Let g(s) = 2*s + s + 2*s - 8 + 2*s. Calculate the remainder when g(7) is divided by 11.
8
Let q = 17 - 19. Let c = 18 - q. Calculate the remainder when c is divided by 12.
8
Let o(g) = 40*g**3 + 2*g**2 - 2*g + 1. Let d be o(1). Let z = -26 + d. What is the remainder when 29 is divided by z?
14
Let i(t) = t**3 + 12*t**2 - 4*t - 7. What is the remainder when 81 is divided by i(-12)?
40
Let z = 13 + -9. Let j(y) = -4*y + 5. Let l be j(z). Let i = 16 + l. What is the remainder when i is divided by 3?
2
Let n = 7 + -7. Calculate the remainder when 14 is divided by (n - -2 - -14)/2.
6
Suppose -o + 17 = -2*g + 3*g, -50 = -4*o + 2*g. Let w = 62 + -9. What is the remainder when w is divided by o?
11
What is the remainder when (66 - -3)/(-1 - -2) is divided by 18?
15
Suppose 0 = -7*v + 109 - 39. What is the remainder when 42 is divided by v?
2
Let c(y) = 8*y**3 + 2 + 2*y**3 + 3*y**2 - 9*y**3 - 3*y + y**2. What is the remainder when 27 is divided by c(-4)?
13
Calculate the remainder when 61 is divided by (-687)/(-33) + 10/55.
19
Let d = -11 + 13. Suppose -w - d + 14 = 0. Calculate the remainder when 21 is divided by w.
9
Let k be ((-45)/(-3))/(9/(-12)). Let z = k + 41. What is the remainder when z is divided by 12?
9
Let v(p) = -p**3 - p**2 + 3. Let o be v(0). Suppose 2*k + 1 = k + o*r, -5*k + 27 = r. What is the remainder when 19 is divided by k?
4
Let j(g) = g**2 - 5*g - 16. Suppose -3*f = f + b - 87, f - 5*b = 27. What is the remainder when f is divided by j(8)?
6
Suppose 149 = 7*i - 19. Calculate the remainder when i is divided by 9.
6
Let z = -1 - -2. Let b = z - -21. Suppose -4*i - 2*i + 252 = 0. What is the remainder when i is divided by b?
20
Let k(y) = 3*y + 5. Let g = 15 - 8. Calculate the remainder when k(g) is divided by (2 + -1)*(5 + 2).
5
Let d(a) = 2*a**2 - 7*a - 1. Suppose 18 = 4*b - 14. What is the remainder when d(5) is divided by b?
6
Let s(q) = q**3 - 6*q**2 + 5*q + 2. Let b be s(5). Calculate the remainder when b - (-14)/((-1)/(-1)) is divided by 6.
4
Suppose 4*q = 5*n + 132, q = 2*q + n - 24. Calculate the remainder when 110 is divided by q.
26
Suppose -16 = 4*y, -2*i - 5*y + 16 + 34 = 0. Calculate the remainder when i is divided by 10.
5
Let h be 7*2*21/(-2). Let k = 206 + h. Calculate the remainder when k is divided by 20.
19
Suppose y + 5 = -5*j, 0*y - 16 = -y + 2*j. Let r = 115 - 76. Calculate the remainder when r is divided by y.
9
Let l(i) = i**2 - 4*i + 5. Suppose 0 = c - 3*c + 8. Let m be l(c). What is the remainder when 11 is divided by 22/m - (-4)/(-10)?
3
Suppose 16 = -4*h + 92. What is the remainder when h is divided by 3?
1
Let d be 1*(0 + -1 + -1). Calculate the remainder when 42 - (-3)/((-3)/(-2)) is divided by d - (-15 + -1 + -1).
14
Let a(t) = t**3 + 5*t**2. Let j be a(-5). Suppose 0 = 2*s + 5*w + 16 + 2, j = -3*s - 2*w - 5. What is the remainder when s is divided by 1?
0
Let v be 9/(-2)*(-4)/3. Let y be (2 - v - -2)/(-1). Suppose i + y*n = -4*i + 145, 2*i - 58 = -2*n. Calculate the remainder when i is divided by 15.
14
Let o(c) = -c**3 - 8*c**2 - 5*c + 6. Let w = 7 + -3. Suppose -76 = -5*i + w. What is the remainder when o(-8) is divided by i?
14
Suppose -22*m + 19*m = -33. Calculate the remainder when (-58)/(-3) - (-6)/9 is divided by m.
9
What is the remainder when 189 is divided by (0 - 12/2)/((-1)/4)?
21
Suppose w + 3*k - 8*k = 95, 5*w = -k + 527. What is the remainder when w is divided by 27?
24
Let z(u) = u + 2. Let a(x) = -x**3 + 2*x**2 - x + 2. Let g be a(2). Let k = -20 - -22. Calculate the remainder when z(g) is divided by k.
0
Let n be (-9)/(-4) + (-2)/8. Suppose 0 = 4*b + 4*x - 32, -2*x - n*x + 17 = -b. Let m = 10 - b. What is the remainder when 12 is divided by m?
5
What is the remainder when 31 is divided by (-40)/30 - (-43)/3?
5
Let b be (3 - 6)*(-3)/9. What is the remainder when (-1)/(b/2)*-2 is divided by 2?
0
Let a be (-34)/(-1)*(-1)/(-1). Suppose -y = -8 + 5. Suppose y*i - a = i. What is the remainder when 32 is divided by i?
15
What is the remainder when 45 is divided by (-1 - 3/15)*-5?
3
Calculate the remainder when 24 is divided by 69/15 - 2/(-5).
4
Let p = -6 + -12. Let z = p - -28. Let j(b) = -b**2 - b + 4. Calculate the remainder when z is divided by j(0).
2
Calculate the remainder when (-5226)/(-91) + (-6)/14 is divided by 15.
12
Suppose -8*d + 3*d + 9 = -j, -5 = -2*d - j. Calculate the remainder when 2 is divided by d.
0
Suppose 2*g - 2 - 28 = 0. Suppose -2*h - 3*h = -g. Suppose h*u - 123 = -27. What is the remainder when u is divided by 11?
10
What is the remainder when 55 is divided by 15 - (5 + -4 - 5)?
17
Suppose 5*k + 15 = 105. Calculate the remainder when k is divided by 7.
4
Calculate the remainder when (2/2)/((-1)/(-16)) is divided by 6.
4
Suppose 109 - 13 = 2*i. Calculate the remainder when i is divided by 23.
2
Let h = -28 - -46. Let q(c) = 13*c + 5. Calculate the remainder when q(5) is divided by h.
16
Let y = 58 - 44. What is the remainder when 27 is divided by y?
13
Let d(y) = y**2 - 5*y + 1. Calculate the remainder when d(-7) is divided by 29.
27
Let j be ((-4)/5)/(2/35). Let z = j - -21. Calculate the remainder when 13 is divided by z.
6
Let t(x) = -3*x + 2*x + 0*x**2 + x**2. Let i be t(5). Suppose -2*n + i + 12 = 0. What is the remainder when 61 is divided by n?
13
Let h = 12 - 0. Let p = -8 + 29. Calculate the remainder when p is divided by h.
9
Suppose -4*v + 2*q - 142 = 0, -2*v + 172 = -6*v - 4*q. Let d = 75 + v. Calculate the remainder when d is divided by (-26)/(-6)*(0 + 3).
11
Let r = 36 - 14. Calculate the remainder when 41 is divided by r.
19
Suppose -4*f - 3*h + 193 = 0, 93 + 1 = 2*f + 4*h. Suppose 0 = 2*x - 0 - 34. What is the remainder when f is divided by x?
15
Suppose -10 + 5 = -5*s. What is the remainder when 40 is divided